(u) = -4*u + 6. Determine c(3).
-6
Let q(z) = -z**3 + 12*z**2 - 10*z - 14. Give q(11).
-3
Let d(o) = -10*o + 2. Calculate d(-4).
42
Let m(a) = -a - 23. Calculate m(-13).
-10
Let s(f) = f**2 + 4*f + 2. Determine s(-3).
-1
Let j(z) = 14*z + 106. What is j(-7)?
8
Let v(b) = 6*b + 57. Determine v(-8).
9
Let y(o) = o**3 + 3*o**2 - 3*o - 1. Determine y(-4).
-5
Let g(t) = -2*t**2 + 18*t + 10. Determine g(10).
-10
Let s(d) = d**2 + 27*d - 6. Calculate s(-26).
-32
Let a(m) = 2*m - 4. Calculate a(14).
24
Let p(y) = -y**2 - y + 2. Give p(3).
-10
Let w(g) = 2*g**3 - 6*g**2 - 2*g + 11. Calculate w(4).
35
Let p(t) = t**2 - 3*t - 23. What is p(6)?
-5
Let o(x) = x**3 + 12*x**2 + 28*x + 92. What is o(-10)?
12
Let t(q) = -q - 9. What is t(-15)?
6
Let w(j) = j**3 - 5*j**2 - j + 7. Determine w(4).
-13
Let x(k) = -k**3 - 10*k**2 - 12*k - 12. Determine x(-9).
15
Let y(t) = 9*t + 62. Calculate y(-6).
8
Let q(v) = -37*v**3 + 2*v + 2. What is q(-1)?
37
Let d(l) = -3*l + 33. What is d(12)?
-3
Let o(m) = -2*m + 31. Give o(21).
-11
Let d(y) = -2*y - 2. What is d(-1)?
0
Let w(s) = s**2 - 7*s - 15. Determine w(9).
3
Let y(l) = -l**3 - l**2 - 10*l + 4. Determine y(0).
4
Let s(u) = -4*u**2 - u. Give s(1).
-5
Let u(o) = o**3 - 7*o - 7. What is u(-1)?
-1
Let l(n) = -4*n**3 - 2*n**2 - 2*n + 4. What is l(-2)?
32
Let r(l) = l**3 + 17*l**2 + 14*l - 23. Give r(-16).
9
Let r(w) = w**2 + 4*w - 17. Give r(8).
79
Let f(m) = -77*m + 14. Determine f(-1).
91
Let f(o) = -o**3 - 4*o**2 + 6*o - 2. Give f(-5).
-7
Let i(d) = 34*d + 25. Calculate i(-6).
-179
Let p(z) = -z + 1. Calculate p(-6).
7
Let t(w) = 3*w**2 + 2*w - 12. Calculate t(4).
44
Let r(y) = 2*y**3 - 8*y**2 - 5. Give r(4).
-5
Let c(m) = -2*m - 1. Calculate c(-4).
7
Let i(r) = -16*r - 50. Determine i(-4).
14
Let t(g) = 2*g**3 + 5*g**2 - g + 9. What is t(-3)?
3
Let b(f) = -6*f + 160. Calculate b(32).
-32
Let m(r) = -r**3 - 17*r**2 + 24*r + 80. What is m(-18)?
-28
Let x(q) = q**2 + 10*q - 26. What is x(-12)?
-2
Let q(a) = -26*a + 105. Determine q(6).
-51
Let v(b) = -12*b**2 + 3*b + 2. Determine v(1).
-7
Let q(v) = v**2 - 10*v + 12. Determine q(5).
-13
Let k(z) = z + 5. Give k(-5).
0
Let k(m) = 2*m**2 + 16*m + 12. Calculate k(-7).
-2
Let o(u) = -3*u**3 + u**2 - 1. Give o(1).
-3
Let t(h) = 2*h**2 + 20*h + 72. Give t(-5).
22
Let p(z) = 10*z**2 - 26*z + 27. Give p(1).
11
Let b(n) = -4*n**2 + 32*n - 24. Determine b(7).
4
Let h(f) = 3*f + 50. Calculate h(-15).
5
Let j(d) = 2*d - 5. Calculate j(-4).
-13
Let u(z) = z + 11. Give u(8).
19
Let w(f) = f**3 + 6*f**2 + 2*f + 4. Give w(-6).
-8
Let l(r) = -r**2 - 2*r + 51. What is l(0)?
51
Let m(d) = -12*d + 9. Determine m(2).
-15
Let j(h) = -h**3 + 4*h**2 + 12*h - 27. Determine j(4).
21
Let t(w) = -w**3 - 6*w**2 + 4*w + 6. Give t(-6).
-18
Let p(f) = f - 12. Give p(7).
-5
Let z(w) = -w**3 + 10*w**2 + 23*w + 22. What is z(12)?
10
Let m(h) = 6*h + 71. Calculate m(-11).
5
Let o(w) = 3*w**3 - 15*w**2 - 2*w - 20. Determine o(5).
-30
Let a(n) = n**3 - 5*n**2 + 9*n - 9. What is a(5)?
36
Let i(d) = 3*d**2 - 9*d - 5. What is i(8)?
115
Let g(n) = 2*n**3 + 21*n**2 - 19*n - 65. Give g(-11).
23
Let j(g) = 4*g - 63. What is j(13)?
-11
Let h(n) = -n**2 - 20*n + 95. What is h(-24)?
-1
Let i(f) = f**3 - 4*f**2 - 3*f + 3. What is i(2)?
-11
Let s(x) = 3*x**3 + 2*x**2 - 3*x. Calculate s(2).
26
Let h(f) = f**3 + 14*f**2 + f + 2. What is h(-14)?
-12
Let y(p) = -p**2 + 6*p + 37. Determine y(-4).
-3
Let r(q) = -6*q**2 + 5*q + 6. Determine r(-1).
-5
Let a(f) = f**2 - 17*f + 6. Give a(19).
44
Let v(s) = -2*s + 30. What is v(14)?
2
Let w(o) = o**2 + o - 1. Give w(3).
11
Let f(n) = 4*n**2 + 3*n - 1. Give f(-3).
26
Let u(m) = -m**3 - 27*m**2 - 52*m - 29. Give u(-25).
21
Let h(c) = c**2 + 26*c + 160. What is h(-11)?
-5
Let f(i) = i + 3. What is f(10)?
13
Let j(p) = -p**2 + 3*p - 2. Give j(1).
0
Let q(o) = -o**3 - 5*o**2 - 2*o + 7. Determine q(-4).
-1
Let f(d) = -d**3 + 37*d**2 - 39*d + 147. Determine f(36).
39
Let a(o) = o**3 + 47*o**2 + 49*o + 126. What is a(-46)?
-12
Let a(i) = -3*i**2 + 2*i - 10. Determine a(-5).
-95
Let j(p) = -25*p + 50. Give j(2).
0
Let m(z) = z**2 + 4*z + 14. Give m(-11).
91
Let s(m) = m**3 - 5*m + 2. Give s(-3).
-10
Let s(y) = 14*y + 146. What is s(-10)?
6
Let t(q) = -154*q**2 - 3*q + 2. Give t(1).
-155
Let a(b) = 10*b**2 - 7*b + 15. Determine a(2).
41
Let n(b) = -2*b**2 + 20*b + 1. Calculate n(10).
1
Let t(x) = x**2 - 6*x + 9. Calculate t(8).
25
Let y(i) = -i + 27. Calculate y(0).
27
Let u(j) = -j**3 + 7*j**2 - j - 40. Calculate u(6).
-10
Let f(w) = -8*w + 33. Give f(4).
1
Let p(k) = 7*k - 3. What is p(2)?
11
Let n(p) = -p**2 + 9*p + 13. Give n(9).
13
Let v(c) = -c**3 + 3*c**2 - 2*c + 7. Determine v(0).
7
Let h(f) = 45*f**2 + 40*f + 1. What is h(-1)?
6
Let n(z) = -5*z**2 - 2*z. Give n(2).
-24
Let v(w) = -w**3 - 11*w**2 - 14*w - 25. Give v(-10).
15
Let q(x) = x**3 + 3*x - 1. Determine q(2).
13
Let g(h) = 8*h + 1. Give g(-1).
-7
Let j(z) = -z**3 - 6*z**2 + 17*z + 10. Determine j(-8).
2
Let o(w) = 3*w**2 - 51*w - 51. Give o(18).
3
Let f(n) = -2*n + 19. Give f(13).
-7
Let m(f) = -f**2 + 26*f - 152. Determine m(16).
8
Let f(x) = -6*x + 21. Determine f(5).
-9
Let p(t) = 3*t - 27. Determine p(11).
6
Let o(j) = j**3 + 10*j**2 + 12*j. What is o(-7)?
63
Let p(w) = -15*w - 101. Calculate p(-11).
64
Let f(p) = 78*p. Calculate f(1).
78
Let d(n) = n - 14. Give d(2).
-12
Let m(k) = -15*k - 103. Determine m(-6).
-13
Let x(w) = 9*w**3 - w**2 + w + 3. What is x(-2)?
-75
Let r(c) = -22*c**2 - 3*c - 4. Calculate r(-1).
-23
Let q(u) = -8*u - 13. Determine q(-3).
11
Let c(g) = 11*g - 6. Give c(4).
38
Let x(w) = 8*w - 2. Calculate x(3).
22
Let d(q) = q**3 + 8*q**2 - 4. What is d(-8)?
-4
Let a(f) = -f**2 + 13*f - 23. Give a(7).
19
Let o(w) = 20*w**3 - w**2 - w. Give o(-1).
-20
Let k(s) = 35*s - 2. Give k(1).
33
Let n(m) = 6*m + 54. Calculate n(-8).
6
Let z(t) = 3*t - 32. Determine z(11).
1
Let y(p) = -5*p + 2. Calculate y(-3).
17
Let b(c) = 17*c - 38. Determine b(2).
-4
Let n(b) = b**3 + 5*b**2 + 9*b + 2. Determine n(-6).
-88
Let f(y) = -2*y - 29. Determine f(-16).
3
Let z(h) = h**2 - 15*h - 3. What is z(16)?
13
Let d(y) = y**2 - 6*y - 7. Give d(6).
-7
Let n(a) = 2*a**3 - 58*a**2 - 3*a + 85. Determine n(29).
-2
Let o(t) = -t**3 + 4*t**2 + 4. What is o(3)?
13
Let x(k) = -k**2 + 6*k + 5. Give x(-2).
-11
Let q(h) = -6*h - 17. Calculate q(-4).
7
Let t(j) = j - 5. What is t(4)?
-1
Let v(q) = q**3 + 7*q**2 + 7*q + 7. Give v(-6).
1
Let a(w) = 39*w + 30. Give a(-3).
-87
Let c(m) = 2*m**2 - 4*m + 8. Give c(3).
14
Let j(x) = -x**2 + 24*x + 53. Give j(26).
1
Let c(j) = -j - 5. What is c(-17)?
12
Let w(b) = 24*b + 29. Determine w(-5).
-91
Let j(l) = 3*l**2 - 24*l + 3. Give j(8).
3
Let x(g) = 16*g + 1. Calculate x(1).
17
Let d(s) = -2*s**2 + 12*s + 323. Determine d(-10).
3
Let g(s) = 7*s**2 + 3*s + 8. Determine g(-3).
62
Let h(d) = -d**3 - 6*d**2 - 4*d + 13. What is h(-5)?
8
Let u(t) = 2*t + 11. What is u(-4)?
3
Let g(w) = w**3 + 2*w**2 - 3*w + 11. Calculate g(-4).
-9
Let j(m) = 3*m**3 + 2*m**2 + 5*m + 3. Determine j(-1).
-3
Let q(f) = -25*f - 12. Give q(-2).
38
Let k(m) = 16*m - 170. Give k(11).
6
Let d(x) = x**2 + 22*x + 11. Determine d(-23).
34
Let j(y) = -y + 8. Calculate j(3).
5
Let n(l) = l**3 - 7*l**2 + 5*l - 6. Calculate n(6).
-12
Let c(f) = -f + 5. Give c(10).
-5
Let d(t) = t**3 - 7*t**2 - 7*t - 7. Calculate d(8).
1
Let x(o) = 3*o**3 + 11*o**2 - 40*o + 18. What is x(-6)?
6
Let v(y) = y**2 + y. What is v(-2)?
2
Let c(n) = n**3 + 6*n**2 + 2*n + 10. Calculate c(-5).
25
Let u(a) = -43*a**2 - 2*a. Give u(1).
-45
Let q(n) = -2*n + 6. Determine q(-6).
18
Let o(b) = -b**3 + 10*b**2 - 11*b + 3. Calculate o(8).
43
Let v(p) = p**3 + 15*p**2 + 23*p + 8. Calculate v(-13).
47
Let l(a) = -3*a + 18. Calculate l(5).
3
Let r(s) = -15*s - 5. Give r(0).
-5
Let a(n) = 2*n**3 - 38*n**2 - 5*n + 99. Give a(19).
4
Let t(h) = 46*h - 588. Give t(13).
10
Let i(b) = b**3 - 7*b**2 - 14*b + 13. Give i(10).
173
Let j(m) = 68*m**2 - 4*m + 2. Determine j(1).
66
Let t(c) = -41*c - 238. Give t(-6).
8
Let x(p) = 21*p**3 - p**2 + 4*p + 4. Give x(-1).
-22
Let p(t) = 6*t**2 + 3*t + 8. What is p(4)?
116
Let o(u) = -u**2 + 28*u - 52. What is o(26)?
0
Let u(t) = t**3 + 3*t**2 - 3*t. Give u(-4).
-4
Let j(v) = v**2 - 12*v + 30. Calculate j(7).
-5
Let x(u) = u**2 - 10*u +